{"id":4120,"date":"2026-04-25T23:55:40","date_gmt":"2026-04-26T05:55:40","guid":{"rendered":"https:\/\/www.alcentroceramica.com\/tienda\/?post_type=product&#038;p=4120"},"modified":"2026-04-26T09:24:36","modified_gmt":"2026-04-26T15:24:36","slug":"set-de-vasos-kopu","status":"publish","type":"product","link":"https:\/\/www.alcentroceramica.com\/tienda\/producto\/set-de-vasos-kopu\/","title":{"rendered":"Set de vasos kopu"},"content":{"rendered":"<p>Descubre el set de 4 vasos Kopu, piezas peque\u00f1as y vers\u00e1tiles de cer\u00e1mica artesanal pensadas para disfrutar t\u00e9, sake, tequila o degustaciones. Cada vaso mide 5 x 6 cm y el set pesa aproximadamente 1 kg, con un acabado exterior natural que resalta la textura y color de la arcilla.<\/p>\n<p>Est\u00e1n fabricados en cer\u00e1mica de alta temperatura y presentan un interior esmaltado que garantiza impermeabilidad y facilidad de limpieza, sin renunciar al tacto y la est\u00e9tica artesanal. Disponibles en terracota claro y chocolate, aportan calidez y car\u00e1cter a cualquier mesa o barra.<\/p>\n<p>Perfectos para hogares y negocios que buscan piezas \u00fanicas y resistentes. En Al Centro Cer\u00e1mica trabajamos con t\u00e9cnicas tradicionales y control de alta temperatura para ofrecer producto durable y funcional.<\/p>\n","protected":false},"excerpt":{"rendered":"<p>Set de 4 vasos Kopu artesanales (5&#215;6 cm) en cer\u00e1mica de alta temperatura con su interior esmaltado para su funcionalidad e impermeabilidad.; disponibles en terracota claro y chocolate.<\/p>\n<ul>\n<li>Set de 4 unidades \u2014 medidas 5 x 6 cm, peso total 1 kg aprox.<\/li>\n<li>Fabricado artesanalmente.<\/li>\n<li>Exterior con acabado natural; interior esmaltado, impermeable y f\u00e1cil de limpiar.<\/li>\n<li>Uso recomendado: t\u00e9, sake, tequila y bebidas peque\u00f1as.<\/li>\n<li>Colores: terracota claro y chocolate.<\/li>\n<li>Ideal para regalo, hosteler\u00eda boutique y uso dom\u00e9stico.<\/li>\n<\/ul>\n","protected":false},"featured_media":4123,"comment_status":"open","ping_status":"closed","template":"","meta":{"_links_to":"","_links_to_target":""},"product_brand":[],"product_cat":[21,40,90],"product_tag":[],"woo-feed-brand":[],"class_list":{"0":"post-4120","1":"product","2":"type-product","3":"status-publish","4":"has-post-thumbnail","6":"product_cat-accesorios-mesa","7":"product_cat-linea-terracota","8":"product_cat-vasos","9":"pa_color-terracota-claro","10":"pa_color-terracota-chocolate","12":"first","13":"instock","14":"shipping-taxable","15":"purchasable","16":"product-type-variable"},"yoast_head":"<!-- This site is optimized with the Yoast SEO plugin v27.1.1 - https:\/\/yoast.com\/product\/yoast-seo-wordpress\/ -->\n<title>Set de vasos kopu - Al Centro Cer&aacute;mica<\/title>\n<meta name=\"robots\" content=\"index, follow, max-snippet:-1, max-image-preview:large, max-video-preview:-1\" \/>\n<link rel=\"canonical\" href=\"https:\/\/www.alcentroceramica.com\/tienda\/producto\/set-de-vasos-kopu\/\" \/>\n<meta property=\"og:locale\" content=\"es_ES\" \/>\n<meta property=\"og:type\" content=\"article\" \/>\n<meta property=\"og:title\" content=\"Set de vasos kopu - Al Centro Cer&aacute;mica\" \/>\n<meta property=\"og:description\" content=\"Set de 4 vasos Kopu artesanales (5x6 cm) en cer\u00e1mica de alta temperatura con su interior esmaltado para su funcionalidad e impermeabilidad.; disponibles en terracota claro y chocolate.   Set de 4 unidades \u2014 medidas 5 x 6 cm, peso total 1 kg aprox.  Fabricado artesanalmente.  Exterior con acabado natural; interior esmaltado, impermeable y f\u00e1cil de limpiar.  Uso recomendado: t\u00e9, sake, tequila y bebidas peque\u00f1as.  Colores: terracota claro y chocolate.  Ideal para regalo, hosteler\u00eda boutique y uso dom\u00e9stico.\" \/>\n<meta property=\"og:url\" content=\"https:\/\/www.alcentroceramica.com\/tienda\/producto\/set-de-vasos-kopu\/\" \/>\n<meta property=\"og:site_name\" content=\"Al Centro Cer&aacute;mica\" \/>\n<meta property=\"article:publisher\" content=\"https:\/\/www.facebook.com\/alcentro.ceramica\/\" \/>\n<meta property=\"article:modified_time\" content=\"2026-04-26T15:24:36+00:00\" \/>\n<meta property=\"og:image\" content=\"https:\/\/www.alcentroceramica.com\/tienda\/wp-content\/uploads\/2026\/04\/IMG_0950.jpg\" \/>\n\t<meta property=\"og:image:width\" content=\"1000\" \/>\n\t<meta property=\"og:image:height\" content=\"1000\" \/>\n\t<meta property=\"og:image:type\" content=\"image\/jpeg\" \/>\n<meta name=\"twitter:card\" content=\"summary_large_image\" \/>\n<meta name=\"twitter:label1\" content=\"Tiempo de lectura\" \/>\n\t<meta name=\"twitter:data1\" content=\"1 minuto\" \/>\n<script type=\"application\/ld+json\" class=\"yoast-schema-graph\">{\"@context\":\"https:\/\/schema.org\",\"@graph\":[{\"@type\":\"WebPage\",\"@id\":\"https:\/\/www.alcentroceramica.com\/tienda\/producto\/set-de-vasos-kopu\/\",\"url\":\"https:\/\/www.alcentroceramica.com\/tienda\/producto\/set-de-vasos-kopu\/\",\"name\":\"Set de vasos kopu - Al Centro Cer&aacute;mica\",\"isPartOf\":{\"@id\":\"https:\/\/www.alcentroceramica.com\/tienda\/#website\"},\"primaryImageOfPage\":{\"@id\":\"https:\/\/www.alcentroceramica.com\/tienda\/producto\/set-de-vasos-kopu\/#primaryimage\"},\"image\":{\"@id\":\"https:\/\/www.alcentroceramica.com\/tienda\/producto\/set-de-vasos-kopu\/#primaryimage\"},\"thumbnailUrl\":\"https:\/\/www.alcentroceramica.com\/tienda\/wp-content\/uploads\/2026\/04\/IMG_0950.jpg\",\"datePublished\":\"2026-04-26T05:55:40+00:00\",\"dateModified\":\"2026-04-26T15:24:36+00:00\",\"breadcrumb\":{\"@id\":\"https:\/\/www.alcentroceramica.com\/tienda\/producto\/set-de-vasos-kopu\/#breadcrumb\"},\"inLanguage\":\"es\",\"potentialAction\":[{\"@type\":\"ReadAction\",\"target\":[\"https:\/\/www.alcentroceramica.com\/tienda\/producto\/set-de-vasos-kopu\/\"]}]},{\"@type\":\"ImageObject\",\"inLanguage\":\"es\",\"@id\":\"https:\/\/www.alcentroceramica.com\/tienda\/producto\/set-de-vasos-kopu\/#primaryimage\",\"url\":\"https:\/\/www.alcentroceramica.com\/tienda\/wp-content\/uploads\/2026\/04\/IMG_0950.jpg\",\"contentUrl\":\"https:\/\/www.alcentroceramica.com\/tienda\/wp-content\/uploads\/2026\/04\/IMG_0950.jpg\",\"width\":1000,\"height\":1000},{\"@type\":\"BreadcrumbList\",\"@id\":\"https:\/\/www.alcentroceramica.com\/tienda\/producto\/set-de-vasos-kopu\/#breadcrumb\",\"itemListElement\":[{\"@type\":\"ListItem\",\"position\":1,\"name\":\"Portada\",\"item\":\"https:\/\/www.alcentroceramica.com\/tienda\/\"},{\"@type\":\"ListItem\",\"position\":2,\"name\":\"Tienda\",\"item\":\"https:\/\/www.alcentroceramica.com\/tienda\/\"},{\"@type\":\"ListItem\",\"position\":3,\"name\":\"Set de vasos kopu\"}]},{\"@type\":\"WebSite\",\"@id\":\"https:\/\/www.alcentroceramica.com\/tienda\/#website\",\"url\":\"https:\/\/www.alcentroceramica.com\/tienda\/\",\"name\":\"Al Centro Cer\u00e1mica\",\"description\":\"Tienda de cer\u00e1mica artesanal mexicana\",\"publisher\":{\"@id\":\"https:\/\/www.alcentroceramica.com\/tienda\/#organization\"},\"potentialAction\":[{\"@type\":\"SearchAction\",\"target\":{\"@type\":\"EntryPoint\",\"urlTemplate\":\"https:\/\/www.alcentroceramica.com\/tienda\/?s={search_term_string}\"},\"query-input\":{\"@type\":\"PropertyValueSpecification\",\"valueRequired\":true,\"valueName\":\"search_term_string\"}}],\"inLanguage\":\"es\"},{\"@type\":\"Organization\",\"@id\":\"https:\/\/www.alcentroceramica.com\/tienda\/#organization\",\"name\":\"Al Centro Cer\u00e1mica\",\"url\":\"https:\/\/www.alcentroceramica.com\/tienda\/\",\"logo\":{\"@type\":\"ImageObject\",\"inLanguage\":\"es\",\"@id\":\"https:\/\/www.alcentroceramica.com\/tienda\/#\/schema\/logo\/image\/\",\"url\":\"https:\/\/www.alcentroceramica.com\/tienda\/wp-content\/uploads\/2021\/12\/cropped-Logotipo_AlCentro.jpg\",\"contentUrl\":\"https:\/\/www.alcentroceramica.com\/tienda\/wp-content\/uploads\/2021\/12\/cropped-Logotipo_AlCentro.jpg\",\"width\":512,\"height\":512,\"caption\":\"Al Centro Cer\u00e1mica\"},\"image\":{\"@id\":\"https:\/\/www.alcentroceramica.com\/tienda\/#\/schema\/logo\/image\/\"},\"sameAs\":[\"https:\/\/www.facebook.com\/alcentro.ceramica\/\",\"https:\/\/www.instagram.com\/alcentro.ceramica\/\",\"https:\/\/mx.pinterest.com\/alcentroceramica\/\"]}]}<\/script>\n<!-- \/ Yoast SEO plugin. -->","yoast_head_json":{"title":"Set de vasos kopu - Al Centro Cer&aacute;mica","robots":{"index":"index","follow":"follow","max-snippet":"max-snippet:-1","max-image-preview":"max-image-preview:large","max-video-preview":"max-video-preview:-1"},"canonical":"https:\/\/www.alcentroceramica.com\/tienda\/producto\/set-de-vasos-kopu\/","og_locale":"es_ES","og_type":"article","og_title":"Set de vasos kopu - Al Centro Cer&aacute;mica","og_description":"Set de 4 vasos Kopu artesanales (5x6 cm) en cer\u00e1mica de alta temperatura con su interior esmaltado para su funcionalidad e impermeabilidad.; disponibles en terracota claro y chocolate.   Set de 4 unidades \u2014 medidas 5 x 6 cm, peso total 1 kg aprox.  Fabricado artesanalmente.  Exterior con acabado natural; interior esmaltado, impermeable y f\u00e1cil de limpiar.  Uso recomendado: t\u00e9, sake, tequila y bebidas peque\u00f1as.  Colores: terracota claro y chocolate.  Ideal para regalo, hosteler\u00eda boutique y uso dom\u00e9stico.","og_url":"https:\/\/www.alcentroceramica.com\/tienda\/producto\/set-de-vasos-kopu\/","og_site_name":"Al Centro Cer&aacute;mica","article_publisher":"https:\/\/www.facebook.com\/alcentro.ceramica\/","article_modified_time":"2026-04-26T15:24:36+00:00","og_image":[{"width":1000,"height":1000,"url":"https:\/\/www.alcentroceramica.com\/tienda\/wp-content\/uploads\/2026\/04\/IMG_0950.jpg","type":"image\/jpeg"}],"twitter_card":"summary_large_image","twitter_misc":{"Tiempo de lectura":"1 minuto"},"schema":{"@context":"https:\/\/schema.org","@graph":[{"@type":"WebPage","@id":"https:\/\/www.alcentroceramica.com\/tienda\/producto\/set-de-vasos-kopu\/","url":"https:\/\/www.alcentroceramica.com\/tienda\/producto\/set-de-vasos-kopu\/","name":"Set de vasos kopu - Al Centro Cer&aacute;mica","isPartOf":{"@id":"https:\/\/www.alcentroceramica.com\/tienda\/#website"},"primaryImageOfPage":{"@id":"https:\/\/www.alcentroceramica.com\/tienda\/producto\/set-de-vasos-kopu\/#primaryimage"},"image":{"@id":"https:\/\/www.alcentroceramica.com\/tienda\/producto\/set-de-vasos-kopu\/#primaryimage"},"thumbnailUrl":"https:\/\/www.alcentroceramica.com\/tienda\/wp-content\/uploads\/2026\/04\/IMG_0950.jpg","datePublished":"2026-04-26T05:55:40+00:00","dateModified":"2026-04-26T15:24:36+00:00","breadcrumb":{"@id":"https:\/\/www.alcentroceramica.com\/tienda\/producto\/set-de-vasos-kopu\/#breadcrumb"},"inLanguage":"es","potentialAction":[{"@type":"ReadAction","target":["https:\/\/www.alcentroceramica.com\/tienda\/producto\/set-de-vasos-kopu\/"]}]},{"@type":"ImageObject","inLanguage":"es","@id":"https:\/\/www.alcentroceramica.com\/tienda\/producto\/set-de-vasos-kopu\/#primaryimage","url":"https:\/\/www.alcentroceramica.com\/tienda\/wp-content\/uploads\/2026\/04\/IMG_0950.jpg","contentUrl":"https:\/\/www.alcentroceramica.com\/tienda\/wp-content\/uploads\/2026\/04\/IMG_0950.jpg","width":1000,"height":1000},{"@type":"BreadcrumbList","@id":"https:\/\/www.alcentroceramica.com\/tienda\/producto\/set-de-vasos-kopu\/#breadcrumb","itemListElement":[{"@type":"ListItem","position":1,"name":"Portada","item":"https:\/\/www.alcentroceramica.com\/tienda\/"},{"@type":"ListItem","position":2,"name":"Tienda","item":"https:\/\/www.alcentroceramica.com\/tienda\/"},{"@type":"ListItem","position":3,"name":"Set de vasos kopu"}]},{"@type":"WebSite","@id":"https:\/\/www.alcentroceramica.com\/tienda\/#website","url":"https:\/\/www.alcentroceramica.com\/tienda\/","name":"Al Centro Cer\u00e1mica","description":"Tienda de cer\u00e1mica artesanal mexicana","publisher":{"@id":"https:\/\/www.alcentroceramica.com\/tienda\/#organization"},"potentialAction":[{"@type":"SearchAction","target":{"@type":"EntryPoint","urlTemplate":"https:\/\/www.alcentroceramica.com\/tienda\/?s={search_term_string}"},"query-input":{"@type":"PropertyValueSpecification","valueRequired":true,"valueName":"search_term_string"}}],"inLanguage":"es"},{"@type":"Organization","@id":"https:\/\/www.alcentroceramica.com\/tienda\/#organization","name":"Al Centro Cer\u00e1mica","url":"https:\/\/www.alcentroceramica.com\/tienda\/","logo":{"@type":"ImageObject","inLanguage":"es","@id":"https:\/\/www.alcentroceramica.com\/tienda\/#\/schema\/logo\/image\/","url":"https:\/\/www.alcentroceramica.com\/tienda\/wp-content\/uploads\/2021\/12\/cropped-Logotipo_AlCentro.jpg","contentUrl":"https:\/\/www.alcentroceramica.com\/tienda\/wp-content\/uploads\/2021\/12\/cropped-Logotipo_AlCentro.jpg","width":512,"height":512,"caption":"Al Centro Cer\u00e1mica"},"image":{"@id":"https:\/\/www.alcentroceramica.com\/tienda\/#\/schema\/logo\/image\/"},"sameAs":["https:\/\/www.facebook.com\/alcentro.ceramica\/","https:\/\/www.instagram.com\/alcentro.ceramica\/","https:\/\/mx.pinterest.com\/alcentroceramica\/"]}]}},"_links":{"self":[{"href":"https:\/\/www.alcentroceramica.com\/tienda\/wp-json\/wp\/v2\/product\/4120","targetHints":{"allow":["GET"]}}],"collection":[{"href":"https:\/\/www.alcentroceramica.com\/tienda\/wp-json\/wp\/v2\/product"}],"about":[{"href":"https:\/\/www.alcentroceramica.com\/tienda\/wp-json\/wp\/v2\/types\/product"}],"replies":[{"embeddable":true,"href":"https:\/\/www.alcentroceramica.com\/tienda\/wp-json\/wp\/v2\/comments?post=4120"}],"version-history":[{"count":1,"href":"https:\/\/www.alcentroceramica.com\/tienda\/wp-json\/wp\/v2\/product\/4120\/revisions"}],"predecessor-version":[{"id":4132,"href":"https:\/\/www.alcentroceramica.com\/tienda\/wp-json\/wp\/v2\/product\/4120\/revisions\/4132"}],"wp:featuredmedia":[{"embeddable":true,"href":"https:\/\/www.alcentroceramica.com\/tienda\/wp-json\/wp\/v2\/media\/4123"}],"wp:attachment":[{"href":"https:\/\/www.alcentroceramica.com\/tienda\/wp-json\/wp\/v2\/media?parent=4120"}],"wp:term":[{"taxonomy":"product_brand","embeddable":true,"href":"https:\/\/www.alcentroceramica.com\/tienda\/wp-json\/wp\/v2\/product_brand?post=4120"},{"taxonomy":"product_cat","embeddable":true,"href":"https:\/\/www.alcentroceramica.com\/tienda\/wp-json\/wp\/v2\/product_cat?post=4120"},{"taxonomy":"product_tag","embeddable":true,"href":"https:\/\/www.alcentroceramica.com\/tienda\/wp-json\/wp\/v2\/product_tag?post=4120"},{"taxonomy":"woo-feed-brand","embeddable":true,"href":"https:\/\/www.alcentroceramica.com\/tienda\/wp-json\/wp\/v2\/woo-feed-brand?post=4120"}],"curies":[{"name":"wp","href":"https:\/\/api.w.org\/{rel}","templated":true}]}}